.
48
Calculate the remainder when 70610 is divided by 17551.
406
Calculate the remainder when 5589934 is divided by 198.
196
What is the remainder when 39146184 is divided by 63756?
0
What is the remainder when 1827472 is divided by 4134?
244
Calculate the remainder when 8078531 is divided by 163.
88
What is the remainder when 393411 is divided by 43702?
93
Calculate the remainder when 86207 is divided by 958.
945
What is the remainder when 233348 is divided by 38795?
578
What is the remainder when 806275 is divided by 4977?
1
What is the remainder when 38823322 is divided by 516?
514
Calculate the remainder when 59547 is divided by 56752.
2795
What is the remainder when 7432670 is divided by 743261?
60
What is the remainder when 27325276 is divided by 780722?
6
Calculate the remainder when 526398 is divided by 1020.
78
Calculate the remainder when 1110139 is divided by 10279.
7
Calculate the remainder when 169975 is divided by 169630.
345
Calculate the remainder when 28921839 is divided by 108.
87
What is the remainder when 107029 is divided by 26018?
2957
Calculate the remainder when 91469554 is divided by 45734776.
2
Calculate the remainder when 17181100 is divided by 231.
13
Calculate the remainder when 624548 is divided by 39030.
68
Calculate the remainder when 283128 is divided by 141497.
134
What is the remainder when 1890334 is divided by 30?
4
What is the remainder when 6896173 is divided by 1035?
1003
Calculate the remainder when 137401 is divided by 1201.
487
What is the remainder when 162574 is divided by 55?
49
What is the remainder when 903792 is divided by 451824?
144
What is the remainder when 370891 is divided by 1288?
1235
What is the remainder when 755013 is divided by 2454?
1635
What is the remainder when 10258672 is divided by 162836?
4
Calculate the remainder when 38766182 is divided by 110.
92
What is the remainder when 474882 is divided by 349?
242
Calculate the remainder when 21495 is divided by 13005.
8490
What is the remainder when 11089728 is divided by 20?
8
What is the remainder when 308052 is divided by 154006?
40
Calculate the remainder when 17756415 is divided by 14.
5
What is the remainder when 250723 is divided by 226?
89
What is the remainder when 15891 is divided by 3874?
395
What is the remainder when 3256875 is divided by 465267?
6
What is the remainder when 3570885 is divided by 172?
165
Calculate the remainder when 381388 is divided by 472.
12
What is the remainder when 78108231 is divided by 2440882?
7
What is the remainder when 223061 is divided by 55743?
89
What is the remainder when 124642 is divided by 41546?
4
What is the remainder when 3641362 is divided by 46684?
10
Calculate the remainder when 101982 is divided by 1545.
12
What is the remainder when 14017493 is divided by 875?
868
What is the remainder when 12717 is divided by 12093?
624
What is the remainder when 278841 is divided by 1250?
91
What is the remainder when 5779984 is divided by 818?
814
Calculate the remainder when 669056 is divided by 1134.
1130
What is the remainder when 943430 is divided by 49634?
384
What is the remainder when 651637 is divided by 3046?
2839
Calculate the remainder when 253126 is divided by 1050.
76
Calculate the remainder when 2712129 is divided by 226007.
45
Calculate the remainder when 9456327 is divided by 859665.
12
What is the remainder when 4342794 is divided by 1159?
21
What is the remainder when 1405992 is divided by 263?
257
Calculate the remainder when 5902820 is divided by 2183.
2171
Calculate the remainder when 1707475 is divided by 426858.
43
What is the remainder when 2050644 is divided by 4629?
4626
What is the remainder when 17658 is divided by 1193?
956
Calculate the remainder when 9077971 is divided by 75.
46
What is the remainder when 1923398 is divided by 3878?
3788
What is the remainder when 67064 is divided by 33501?
62
Calculate the remainder when 17164022 is divided by 94.
92
What is the remainder when 20353916 is divided by 26?
24
What is the remainder when 233196 is divided by 1310?
16
What is the remainder when 44201489 is divided by 46?
43
Calculate the remainder when 13079655 is divided by 22320.
135
Calculate the remainder when 4537630 is divided by 445.
410
Calculate the remainder when 1146522 is divided by 2077.
18
Calculate the remainder when 110869500 is divided by 49.
42
What is the remainder when 2731610 is divided by 341450?
10
Calculate the remainder when 5559749 is divided by 73.
69
Calculate the remainder when 26254 is divided by 6528.
142
What is the remainder when 38673 is divided by 1237?
326
Calculate the remainder when 1337456 is divided by 515.
1
What is the remainder when 83333238 is divided by 27777742?
12
What is the remainder when 487569887 is divided by 243784937?
13
Calculate the remainder when 902182 is divided by 150361.
16
What is the remainder when 356479 is divided by 177848?
783
Calculate the remainder when 442716717 is divided by 680.
677
Calculate the remainder when 4552180 is divided by 1761.
1756
Calculate the remainder when 122339 is divided by 15291.
11
Calculate the remainder when 4198273 is divided by 233230.
133
Calculate the remainder when 256125 is divided by 1721.
1417
What is the remainder when 4533891 is divided by 1133461?
47
What is the remainder when 22876 is divided by 9232?
4412
What is the remainder when 3866 is divided by 1582?
702
Calculate the remainder when 3669554 is divided by 371.
364
Calculate the remainder when 46902209 is divided by 7.
4
What is the remainder when 40123 is divided by 915?
778
Calculate the remainder when 3013702 is divided by 44319.
10
Calculate the remainder when 4873120 is divided by 7052.
188
Calculate the remainder when 286809 is divided by 350.
159
Calculate the remainder when 81678 is divided by 8725.
3153
Calculate the remainder when 5230 is divided by 5132.
98
Calculate the remainder when 129451 is divided by 43103.
142
What is the remainder when 6586453 is divided by 54887?
13
Calculate the remainder when 2348571 is divided by 53.
35
What is the remainder when 53685182 is divided by 14?
12
What is the remainder when 742744 is divided by 74204?
704
What is the remainder when 81532 is divided by 613?
3
Calculate the remainder when 271201 is divided by 512.
353
Calculate the remainder when 36158 is divided by 17118.
1922
What is the remainder when 652170 is divided by 217255?
405
Calculate the remainder when 144835 is divided by 544.
131
Calculate the remainder when 40409469 is divided by 63.
9
Calculate the remainder when 339087 is divided by 205.
17
Calculate the remainder when 562988 is divided by 357.
356
What is the remainder when 25010489 is divided by 142105?
9
Calculate the remainder when 2520309 is divided by 148252.
25
What is the remainder when 47843219 is divided by 937?
936
Calculate the remainder when 41259513 is divided by 13753160.
33
Calculate the remainder when 17603827 is divided by 481.
189
What is the remainder when 1372241 is divided by 101?
55
What is the remainder when 3429847 is divided by 1553?
823
Calculate the remainder when 41304313 is divided by 191.
181
Calculate the remainder when 2545494 is divided by 809.
380
Calculate the remainder when 535199 is divided by 276.
35
Calculate the remainder when 376478 is divided by 472.
294
Calculate the remainder when 737420 is divided by 56723.
21
Calculate the remainder when 23569833 is divided by 53205.
18
What is the remainder when 16313690 is divided by 358?
346
Calculate the remainder when 1652856 is divided by 175.
156
Calculate the remainder when 144800 is divided by 430.
320
Calculate the remainder when 550196 is divided by 273169.
3858
What is the remainder when 216945 is divided by 2259?
81
What is the remainder when 177463653 is divided by 12?
9
Calculate the remainder when 2786930 is divided by 73340.
10
What is the remainder when 5692 is divided by 98?
8
Calculate the remainder when 608488 is divided by 202772.
172
Calculate the remainder when 1975073 is divided by 19555.
18
Calculate the remainder when 12842763 is divided by 11.
10
Calculate the remainder when 33426740 is divided by 75.
65
Calculate the remainder when 32771934 is divided by 197.
196
Calculate the remainder when 31347622 is divided by 28.
26
Calcu